2023/01/24 00:37:42 [error] 35#35: *1061 peer closed connection in SSL handshake while SSL handshaking to upstream, client: 127.0.0.6, server: , request: "GET /iui/usecaseui/ HTTP/1.1", upstream: "https://10.233.20.33:8443/usecase-ui/", host: "msb-iag.onap"
2023/01/24 00:37:42 [info] 35#35: *1061 [lua] logger.lua:23: 512db9931cdcaab94185446a8d00b72f {"matched":"usecaseui"} while logging request, client: 127.0.0.6, server: , request: "GET /iui/usecaseui/ HTTP/1.1", upstream: "https://10.233.20.33:8443/usecase-ui/", host: "msb-iag.onap" 127.0.0.6 - - [24/Jan/2023:00:37:42 +0000] 512db9931cdcaab94185446a8d00b72f "GET /iui/usecaseui/ HTTP/1.1" 502 request_processing_time:0.002 upstream_response_time:0.002 "-" "python-requests/2.28.2" "-"
2023/01/24 00:37:42 [info] 35#35: *969 [lua] access_by_lua(msblocations.conf:189):2: cfd15e0091110324a40aa9ba0521d398:receive the request, client: 127.0.0.6, server: , request: "GET /api/gvnfmdriver/v1/health_check HTTP/1.1", host: "msb-iag.onap" 127.0.0.6 - - [24/Jan/2023:00:37:42 +0000] cfd15e0091110324a40aa9ba0521d398 "GET /api/gvnfmdriver/v1/health_check HTTP/1.1" 200 request_processing_time:0.063 upstream_response_time:0.062 "-" "python-requests/2.28.2" "-"
2023/01/24 00:37:42 [info] 35#35: *969 [lua] logger.lua:23: cfd15e0091110324a40aa9ba0521d398 {"matched":"gvnfmdriver"} while logging request, client: 127.0.0.6, server: , request: "GET /api/gvnfmdriver/v1/health_check HTTP/1.1", upstream: "http://10.233.38.125:8484/api/gvnfmdriver/v1/health_check", host: "msb-iag.onap"
2023/01/24 00:37:42 [info] 35#35: *1061 [lua] access_by_lua(msblocations.conf:189):2: 467d33757ec744eaf30d9f2398cdc8e7:receive the request, client: 127.0.0.6, server: , request: "GET /api/huaweivnfmdriver/v1/swagger.json HTTP/1.1", host: "msb-iag.onap" 127.0.0.6 - - [24/Jan/2023:00:37:42 +0000] 467d33757ec744eaf30d9f2398cdc8e7 "GET /api/huaweivnfmdriver/v1/swagger.json HTTP/1.1" 200 request_processing_time:0.250 upstream_response_time:0.249 "-" "python-requests/2.28.2" "-"
2023/01/24 00:37:42 [info] 35#35: *1061 [lua] logger.lua:23: 467d33757ec744eaf30d9f2398cdc8e7 {"matched":"huaweivnfmdriver"} while logging request, client: 127.0.0.6, server: , request: "GET /api/huaweivnfmdriver/v1/swagger.json HTTP/1.1", upstream: "http://10.233.30.112:8482/api/huaweivnfmdriver/v1/swagger.json", host: "msb-iag.onap"
2023/01/24 00:37:42 [info] 35#35: *1061 [lua] access_by_lua(msblocations.conf:189):2: d0437482c9590004dfbc0e349ec74d8a:receive the request, client: 127.0.0.6, server: , request: "GET /api/nslcm/v1/health_check HTTP/1.1", host: "msb-iag.onap" 127.0.0.6 - - [24/Jan/2023:00:37:43 +0000] d0437482c9590004dfbc0e349ec74d8a "GET /api/nslcm/v1/health_check HTTP/1.1" 200 request_processing_time:0.649 upstream_response_time:0.648 "-" "python-requests/2.28.2" "-"
2023/01/24 00:37:43 [info] 35#35: *1061 [lua] logger.lua:23: d0437482c9590004dfbc0e349ec74d8a {"matched":"nslcm"} while logging request, client: 127.0.0.6, server: , request: "GET /api/nslcm/v1/health_check HTTP/1.1", upstream: "http://10.233.52.122:8403/api/nslcm/v1/health_check", host: "msb-iag.onap"
2023/01/24 00:37:43 [info] 35#35: *969 [lua] access_by_lua(msblocations.conf:189):2: 36a93210bbf34ba846a1e303e72fa528:receive the request, client: 127.0.0.6, server: , request: "GET /api/vnflcm/v1/health_check HTTP/1.1", host: "msb-iag.onap"
2023/01/24 00:37:44 [info] 35#35: *969 [lua] logger.lua:23: 36a93210bbf34ba846a1e303e72fa528 {"matched":"vnflcm"} while logging request, client: 127.0.0.6, server: , request: "GET /api/vnflcm/v1/health_check HTTP/1.1", upstream: "http://10.233.7.206:8801/api/vnflcm/v1/health_check", host: "msb-iag.onap" 127.0.0.6 - - [24/Jan/2023:00:37:44 +0000] 36a93210bbf34ba846a1e303e72fa528 "GET /api/vnflcm/v1/health_check HTTP/1.1" 200 request_processing_time:0.628 upstream_response_time:0.627 "-" "python-requests/2.28.2" "-"
2023/01/24 00:37:44 [info] 35#35: *969 [lua] access_by_lua(msblocations.conf:189):2: 47d4a366eb16aeba527aed62c5d854fd:receive the request, client: 127.0.0.6, server: , request: "GET /api/vnfmgr/v1/health_check HTTP/1.1", host: "msb-iag.onap"
2023/01/24 00:37:44 [info] 35#35: *969 [lua] logger.lua:23: 47d4a366eb16aeba527aed62c5d854fd {"matched":"vnfmgr"} while logging request, client: 127.0.0.6, server: , request: "GET /api/vnfmgr/v1/health_check HTTP/1.1", upstream: "http://10.233.31.39:8803/api/vnfmgr/v1/health_check", host: "msb-iag.onap" 127.0.0.6 - - [24/Jan/2023:00:37:44 +0000] 47d4a366eb16aeba527aed62c5d854fd "GET /api/vnfmgr/v1/health_check HTTP/1.1" 200 request_processing_time:0.590 upstream_response_time:0.589 "-" "python-requests/2.28.2" "-"
2023/01/24 00:37:44 [info] 35#35: *969 [lua] access_by_lua(msblocations.conf:189):2: e6b9e482300346c11c105e75804c1314:receive the request, client: 127.0.0.6, server: , request: "GET /api/vnfres/v1/health_check HTTP/1.1", host: "msb-iag.onap"
2023/01/24 00:37:45 [info] 35#35: *969 [lua] logger.lua:23: e6b9e482300346c11c105e75804c1314 {"matched":"vnfres"} while logging request, client: 127.0.0.6, server: , request: "GET /api/vnfres/v1/health_check HTTP/1.1", upstream: "http://10.233.52.26:8802/api/vnfres/v1/health_check", host: "msb-iag.onap" 127.0.0.6 - - [24/Jan/2023:00:37:45 +0000] e6b9e482300346c11c105e75804c1314 "GET /api/vnfres/v1/health_check HTTP/1.1" 200 request_processing_time:0.464 upstream_response_time:0.463 "-" "python-requests/2.28.2" "-"
2023/01/24 00:37:45 [info] 35#35: *1061 [lua] access_by_lua(msblocations.conf:189):2: 1044478c0943b3ad0ed5a572e23c4598:receive the request, client: 127.0.0.6, server: , request: "GET /api/ztevnfmdriver/v1/health_check HTTP/1.1", host: "msb-iag.onap"
2023/01/24 00:37:45 [info] 35#35: *1061 [lua] logger.lua:23: 1044478c0943b3ad0ed5a572e23c4598 {"matched":"ztevnfmdriver"} while logging request, client: 127.0.0.6, server: , request: "GET /api/ztevnfmdriver/v1/health_check HTTP/1.1", upstream: "http://10.233.16.141:8410/api/ztevnfmdriver/v1/health_check", host: "msb-iag.onap" 127.0.0.6 - - [24/Jan/2023:00:37:45 +0000] 1044478c0943b3ad0ed5a572e23c4598 "GET /api/ztevnfmdriver/v1/health_check HTTP/1.1" 200 request_processing_time:0.056 upstream_response_time:0.055 "-" "python-requests/2.28.2" "-"
2023/01/24 00:37:50 [info] 35#35: *969 [lua] access_by_lua(msblocations.conf:189):2: f940e90a95ece7ca78f8789868658762:receive the request, client: 127.0.0.6, server: , request: "GET /api/holmes-rule-mgmt/v1/healthcheck HTTP/1.1", host: "msb-iag.onap"
2023/01/24 00:37:50 [warn] 35#35: *969 [lua] shcache.lua:413: load(): external lookup failed: key msb:routing:api:holmes-rule-mgmt:v1 not found, client: 127.0.0.6, server: , request: "GET /api/holmes-rule-mgmt/v1/healthcheck HTTP/1.1", host: "msb-iag.onap"
2023/01/24 00:37:50 [warn] 35#35: *969 [lua] error_handler.lua:29: error_svc_not_found(): f940e90a95ece7ca78f8789868658762 No route found for this request! detail_info:Common not match. key--msb:routing:api:holmes-rule-mgmt:v1, client: 127.0.0.6, server: , request: "GET /api/holmes-rule-mgmt/v1/healthcheck HTTP/1.1", host: "msb-iag.onap"
2023/01/24 00:37:50 [info] 35#35: *969 [lua] access_by_lua(msblocations.conf:45):2: f940e90a95ece7ca78f8789868658762:receive the request, client: 127.0.0.6, server: , request: "GET /api/holmes-rule-mgmt/v1/healthcheck HTTP/1.1", host: "msb-iag.onap"
2023/01/24 00:37:50 [warn] 35#35: *969 [lua] error_handler.lua:29: error_svc_not_found(): f940e90a95ece7ca78f8789868658762 No route found for this request! detail_info:Custom not match, client: 127.0.0.6, server: , request: "GET /api/holmes-rule-mgmt/v1/healthcheck HTTP/1.1", host: "msb-iag.onap" 127.0.0.6 - - [24/Jan/2023:00:37:50 +0000] f940e90a95ece7ca78f8789868658762 "GET /api/holmes-rule-mgmt/v1/healthcheck HTTP/1.1" 502 request_processing_time:0.001 upstream_response_time:- "-" "python-requests/2.28.2" "-"
2023/01/24 00:37:50 [info] 35#35: *1061 [lua] access_by_lua(msblocations.conf:189):2: 902ac8e0ff37e498a241ea3472bd2ad0:receive the request, client: 127.0.0.6, server: , request: "GET /api/holmes-engine-mgmt/v1/healthcheck HTTP/1.1", host: "msb-iag.onap"
2023/01/24 00:37:50 [warn] 35#35: *1061 [lua] shcache.lua:413: load(): external lookup failed: key msb:routing:api:holmes-engine-mgmt:v1 not found, client: 127.0.0.6, server: , request: "GET /api/holmes-engine-mgmt/v1/healthcheck HTTP/1.1", host: "msb-iag.onap"
2023/01/24 00:37:50 [warn] 35#35: *1061 [lua] error_handler.lua:29: error_svc_not_found(): 902ac8e0ff37e498a241ea3472bd2ad0 No route found for this request! detail_info:Common not match. key--msb:routing:api:holmes-engine-mgmt:v1, client: 127.0.0.6, server: , request: "GET /api/holmes-engine-mgmt/v1/healthcheck HTTP/1.1", host: "msb-iag.onap"
2023/01/24 00:37:50 [info] 35#35: *1061 [lua] access_by_lua(msblocations.conf:45):2: 902ac8e0ff37e498a241ea3472bd2ad0:receive the request, client: 127.0.0.6, server: , request: "GET /api/holmes-engine-mgmt/v1/healthcheck HTTP/1.1", host: "msb-iag.onap"
2023/01/24 00:37:50 [warn] 35#35: *1061 [lua] error_handler.lua:29: error_svc_not_found(): 902ac8e0ff37e498a241ea3472bd2ad0 No route found for this request! detail_info:Custom not match, client: 127.0.0.6, server: , request: "GET /api/holmes-engine-mgmt/v1/healthcheck HTTP/1.1", host: "msb-iag.onap" 127.0.0.6 - - [24/Jan/2023:00:37:50 +0000] 902ac8e0ff37e498a241ea3472bd2ad0 "GET /api/holmes-engine-mgmt/v1/healthcheck HTTP/1.1" 502 request_processing_time:0.002 upstream_response_time:- "-" "python-requests/2.28.2" "-"
2023/01/24 00:37:50 [info] 35#35: *969 [lua] access_by_lua(msblocations.conf:189):2: 9b9b3a6173eae612c95e9176b0debb16:receive the request, client: 127.0.0.6, server: , request: "GET /api/multicloud-fcaps/v1/healthcheck HTTP/1.1", host: "msb-iag.onap" 127.0.0.6 - - [24/Jan/2023:00:37:50 +0000] 9b9b3a6173eae612c95e9176b0debb16 "GET /api/multicloud-fcaps/v1/healthcheck HTTP/1.1" 200 request_processing_time:0.055 upstream_response_time:0.055 "-" "python-requests/2.28.2" "-"
2023/01/24 00:37:50 [info] 35#35: *969 [lua] logger.lua:23: 9b9b3a6173eae612c95e9176b0debb16 {"matched":"multicloud-fcaps"} while logging request, client: 127.0.0.6, server: , request: "GET /api/multicloud-fcaps/v1/healthcheck HTTP/1.1", upstream: "http://10.233.37.232:9011/api/multicloud-fcaps/v1/healthcheck", host: "msb-iag.onap"
2023/01/24 00:37:50 [info] 35#35: *1061 [lua] access_by_lua(msblocations.conf:189):2: 42a38491ecb0fb11c1d0c0729759e1aa:receive the request, client: 127.0.0.6, server: , request: "GET /api/parser/v1/health_check HTTP/1.1", host: "msb-iag.onap"
2023/01/24 00:37:50 [info] 35#35: *1136 [lua] access_by_lua(msblocations.conf:189):2: 334f8551406849ca151d1d037647bef0:receive the request, client: 127.0.0.6, server: , request: "HEAD /iui/microservices/default.html HTTP/1.1", host: "msb-iag:80" 127.0.0.6 - - [24/Jan/2023:00:37:50 +0000] 334f8551406849ca151d1d037647bef0 "HEAD /iui/microservices/default.html HTTP/1.1" 200 request_processing_time:0.005 upstream_response_time:0.005 "-" "Consul Health Check" "-"
2023/01/24 00:37:50 [info] 35#35: *1136 [lua] logger.lua:23: 334f8551406849ca151d1d037647bef0 {"matched":"microservices"} while logging request, client: 127.0.0.6, server: , request: "HEAD /iui/microservices/default.html HTTP/1.1", upstream: "http://127.0.0.1:8066/iui/microservices/default.html", host: "msb-iag:80" 127.0.0.6 - - [24/Jan/2023:00:37:50 +0000] "HEAD /iui/microservices/default.html HTTP/1.1" 200 0 "-" "Consul Health Check" 3
2023/01/24 00:37:50 [info] 35#35: *1137 client closed connection while waiting for request, client: 127.0.0.6, server: 0.0.0.0:80
2023/01/24 00:37:50 [info] 35#35: *1138 client closed connection while waiting for request, client: 127.0.0.6, server: 0.0.0.0:80 127.0.0.6 - - [24/Jan/2023:00:37:51 +0000] 42a38491ecb0fb11c1d0c0729759e1aa "GET /api/parser/v1/health_check HTTP/1.1" 200 request_processing_time:0.921 upstream_response_time:0.921 "-" "python-requests/2.28.2" "-"
2023/01/24 00:37:51 [info] 35#35: *1061 [lua] logger.lua:23: 42a38491ecb0fb11c1d0c0729759e1aa {"matched":"parser"} while logging request, client: 127.0.0.6, server: , request: "GET /api/parser/v1/health_check HTTP/1.1", upstream: "http://10.233.44.206:8806/api/parser/v1/health_check", host: "msb-iag.onap"
2023/01/24 00:38:00 [info] 38#38: *1139 client closed connection while waiting for request, client: 127.0.0.6, server: 0.0.0.0:80
2023/01/24 00:38:00 [info] 38#38: *1140 client closed connection while waiting for request, client: 127.0.0.6, server: 0.0.0.0:80
2023/01/24 00:38:05 [info] 35#35: *969 [lua] access_by_lua(msblocations.conf:189):2: 8371b8a7bcf04fedd246e5e8ec1115a1:receive the request, client: 127.0.0.6, server: , request: "HEAD /iui/microservices/default.html HTTP/1.1", host: "msb-iag:80" 127.0.0.6 - - [24/Jan/2023:00:38:05 +0000] 8371b8a7bcf04fedd246e5e8ec1115a1 "HEAD /iui/microservices/default.html HTTP/1.1" 200 request_processing_time:0.006 upstream_response_time:0.005 "-" "Consul Health Check" "-" 127.0.0.6 - - [24/Jan/2023:00:38:05 +0000] "HEAD /iui/microservices/default.html HTTP/1.1" 200 0 "-" "Consul Health Check" 3
2023/01/24 00:38:05 [info] 35#35: *969 [lua] logger.lua:23: 8371b8a7bcf04fedd246e5e8ec1115a1 {"matched":"microservices"} while logging request, client: 127.0.0.6, server: , request: "HEAD /iui/microservices/default.html HTTP/1.1", upstream: "http://127.0.0.1:8066/iui/microservices/default.html", host: "msb-iag:80"
2023/01/24 00:38:10 [info] 38#38: *1142 client closed connection while waiting for request, client: 127.0.0.6, server: 0.0.0.0:80
2023/01/24 00:38:10 [info] 35#35: *1141 client closed connection while waiting for request, client: 127.0.0.6, server: 0.0.0.0:80
2023/01/24 00:38:20 [info] 35#35: *1143 client closed connection while waiting for request, client: 127.0.0.6, server: 0.0.0.0:80
2023/01/24 00:38:20 [info] 35#35: *1144 client closed connection while waiting for request, client: 127.0.0.6, server: 0.0.0.0:80
2023/01/24 00:38:20 [info] 35#35: *969 [lua] access_by_lua(msblocations.conf:189):2: 91ed409e0777669d78b37a020c244c0f:receive the request, client: 127.0.0.6, server: , request: "HEAD /iui/microservices/default.html HTTP/1.1", host: "msb-iag:80"
2023/01/24 00:38:20 [info] 35#35: *969 [lua] logger.lua:23: 91ed409e0777669d78b37a020c244c0f {"matched":"microservices"} while logging request, client: 127.0.0.6, server: , request: "HEAD /iui/microservices/default.html HTTP/1.1", upstream: "http://127.0.0.1:8066/iui/microservices/default.html", host: "msb-iag:80" 127.0.0.6 - - [24/Jan/2023:00:38:20 +0000] 91ed409e0777669d78b37a020c244c0f "HEAD /iui/microservices/default.html HTTP/1.1" 200 request_processing_time:0.005 upstream_response_time:0.004 "-" "Consul Health Check" "-" 127.0.0.6 - - [24/Jan/2023:00:38:20 +0000] "HEAD /iui/microservices/default.html HTTP/1.1" 200 0 "-" "Consul Health Check" 3
2023/01/24 00:38:30 [info] 35#35: *1145 client closed connection while waiting for request, client: 127.0.0.6, server: 0.0.0.0:80
2023/01/24 00:38:30 [info] 35#35: *1146 client closed connection while waiting for request, client: 127.0.0.6, server: 0.0.0.0:80
2023/01/24 00:38:35 [info] 35#35: *969 [lua] access_by_lua(msblocations.conf:189):2: 883bd82eb2afebeb97501d9f5cb5bd9b:receive the request, client: 127.0.0.6, server: , request: "HEAD /iui/microservices/default.html HTTP/1.1", host: "msb-iag:80"
2023/01/24 00:38:35 [info] 35#35: *969 [lua] logger.lua:23: 883bd82eb2afebeb97501d9f5cb5bd9b {"matched":"microservices"} while logging request, client: 127.0.0.6, server: , request: "HEAD /iui/microservices/default.html HTTP/1.1", upstream: "http://127.0.0.1:8066/iui/microservices/default.html", host: "msb-iag:80" 127.0.0.6 - - [24/Jan/2023:00:38:35 +0000] 883bd82eb2afebeb97501d9f5cb5bd9b "HEAD /iui/microservices/default.html HTTP/1.1" 200 request_processing_time:0.005 upstream_response_time:0.004 "-" "Consul Health Check" "-" 127.0.0.6 - - [24/Jan/2023:00:38:35 +0000] "HEAD /iui/microservices/default.html HTTP/1.1" 200 0 "-" "Consul Health Check" 2
2023/01/24 00:38:40 [info] 35#35: *1149 client closed connection while waiting for request, client: 127.0.0.6, server: 0.0.0.0:80
2023/01/24 00:38:40 [info] 35#35: *1148 client closed connection while waiting for request, client: 127.0.0.6, server: 0.0.0.0:80
2023/01/24 00:38:50 [info] 35#35: *1150 client closed connection while waiting for request, client: 127.0.0.6, server: 0.0.0.0:80
2023/01/24 00:38:50 [info] 35#35: *1151 client closed connection while waiting for request, client: 127.0.0.6, server: 0.0.0.0:80
2023/01/24 00:38:50 [info] 35#35: *1061 [lua] access_by_lua(msblocations.conf:189):2: d1e257d77f5d4287c6b28c7e6c395587:receive the request, client: 127.0.0.6, server: , request: "HEAD /iui/microservices/default.html HTTP/1.1", host: "msb-iag:80"
2023/01/24 00:38:50 [info] 35#35: *1061 [lua] logger.lua:23: d1e257d77f5d4287c6b28c7e6c395587 {"matched":"microservices"} while logging request, client: 127.0.0.6, server: , request: "HEAD /iui/microservices/default.html HTTP/1.1", upstream: "http://127.0.0.1:8066/iui/microservices/default.html", host: "msb-iag:80" 127.0.0.6 - - [24/Jan/2023:00:38:50 +0000] d1e257d77f5d4287c6b28c7e6c395587 "HEAD /iui/microservices/default.html HTTP/1.1" 200 request_processing_time:0.006 upstream_response_time:0.005 "-" "Consul Health Check" "-" 127.0.0.6 - - [24/Jan/2023:00:38:50 +0000] "HEAD /iui/microservices/default.html HTTP/1.1" 200 0 "-" "Consul Health Check" 3
2023/01/24 00:39:00 [info] 35#35: *1152 client closed connection while waiting for request, client: 127.0.0.6, server: 0.0.0.0:80
2023/01/24 00:39:00 [info] 35#35: *1153 client closed connection while waiting for request, client: 127.0.0.6, server: 0.0.0.0:80
2023/01/24 00:39:05 [info] 35#35: *969 [lua] access_by_lua(msblocations.conf:189):2: d5511d021e69c42c7a3b31f5da9a26ca:receive the request, client: 127.0.0.6, server: , request: "HEAD /iui/microservices/default.html HTTP/1.1", host: "msb-iag:80"
2023/01/24 00:39:05 [info] 35#35: *969 [lua] logger.lua:23: d5511d021e69c42c7a3b31f5da9a26ca {"matched":"microservices"} while logging request, client: 127.0.0.6, server: , request: "HEAD /iui/microservices/default.html HTTP/1.1", upstream: "http://127.0.0.1:8066/iui/microservices/default.html", host: "msb-iag:80" 127.0.0.6 - - [24/Jan/2023:00:39:05 +0000] d5511d021e69c42c7a3b31f5da9a26ca "HEAD /iui/microservices/default.html HTTP/1.1" 200 request_processing_time:0.009 upstream_response_time:0.008 "-" "Consul Health Check" "-" 127.0.0.6 - - [24/Jan/2023:00:39:05 +0000] "HEAD /iui/microservices/default.html HTTP/1.1" 200 0 "-" "Consul Health Check" 5
2023/01/24 00:39:10 [info] 35#35: *1154 client closed connection while waiting for request, client: 127.0.0.6, server: 0.0.0.0:80
2023/01/24 00:39:10 [info] 35#35: *1155 client closed connection while waiting for request, client: 127.0.0.6, server: 0.0.0.0:80
2023/01/24 00:39:20 [info] 38#38: *1156 client closed connection while waiting for request, client: 127.0.0.6, server: 0.0.0.0:80
2023/01/24 00:39:20 [info] 38#38: *1157 client closed connection while waiting for request, client: 127.0.0.6, server: 0.0.0.0:80
2023/01/24 00:39:20 [info] 35#35: *1061 [lua] access_by_lua(msblocations.conf:189):2: d0ad65041503ef96661a8bca3120281c:receive the request, client: 127.0.0.6, server: , request: "HEAD /iui/microservices/default.html HTTP/1.1", host: "msb-iag:80" 127.0.0.6 - - [24/Jan/2023:00:39:20 +0000] d0ad65041503ef96661a8bca3120281c "HEAD /iui/microservices/default.html HTTP/1.1" 200 request_processing_time:0.007 upstream_response_time:0.006 "-" "Consul Health Check" "-"
2023/01/24 00:39:20 [info] 35#35: *1061 [lua] logger.lua:23: d0ad65041503ef96661a8bca3120281c {"matched":"microservices"} while logging request, client: 127.0.0.6, server: , request: "HEAD /iui/microservices/default.html HTTP/1.1", upstream: "http://127.0.0.1:8066/iui/microservices/default.html", host: "msb-iag:80" 127.0.0.6 - - [24/Jan/2023:00:39:20 +0000] "HEAD /iui/microservices/default.html HTTP/1.1" 200 0 "-" "Consul Health Check" 5
2023/01/24 00:39:30 [info] 35#35: *1158 client closed connection while waiting for request, client: 127.0.0.6, server: 0.0.0.0:80
2023/01/24 00:39:30 [info] 35#35: *1159 client closed connection while waiting for request, client: 127.0.0.6, server: 0.0.0.0:80
2023/01/24 00:39:35 [info] 35#35: *969 [lua] access_by_lua(msblocations.conf:189):2: 0955aff4c095c3665f975b93a470f822:receive the request, client: 127.0.0.6, server: , request: "HEAD /iui/microservices/default.html HTTP/1.1", host: "msb-iag:80"
2023/01/24 00:39:35 [info] 35#35: *969 [lua] logger.lua:23: 0955aff4c095c3665f975b93a470f822 {"matched":"microservices"} while logging request, client: 127.0.0.6, server: , request: "HEAD /iui/microservices/default.html HTTP/1.1", upstream: "http://127.0.0.1:8066/iui/microservices/default.html", host: "msb-iag:80" 127.0.0.6 - - [24/Jan/2023:00:39:35 +0000] 0955aff4c095c3665f975b93a470f822 "HEAD /iui/microservices/default.html HTTP/1.1" 200 request_processing_time:0.005 upstream_response_time:0.005 "-" "Consul Health Check" "-" 127.0.0.6 - - [24/Jan/2023:00:39:35 +0000] "HEAD /iui/microservices/default.html HTTP/1.1" 200 0 "-" "Consul Health Check" 3
2023/01/24 00:39:40 [info] 35#35: *1161 client closed connection while waiting for request, client: 127.0.0.6, server: 0.0.0.0:80
2023/01/24 00:39:40 [info] 35#35: *1162 client closed connection while waiting for request, client: 127.0.0.6, server: 0.0.0.0:80
2023/01/24 00:39:50 [info] 35#35: *1163 client closed connection while waiting for request, client: 127.0.0.6, server: 0.0.0.0:80
2023/01/24 00:39:50 [info] 35#35: *1164 client closed connection while waiting for request, client: 127.0.0.6, server: 0.0.0.0:80
2023/01/24 00:39:50 [info] 35#35: *969 [lua] access_by_lua(msblocations.conf:189):2: ab4fa4e1a3fb8757c59ad8fdf9ce96d3:receive the request, client: 127.0.0.6, server: , request: "HEAD /iui/microservices/default.html HTTP/1.1", host: "msb-iag:80" 127.0.0.6 - - [24/Jan/2023:00:39:50 +0000] "HEAD /iui/microservices/default.html HTTP/1.1" 200 0 "-" "Consul Health Check" 4 127.0.0.6 - - [24/Jan/2023:00:39:50 +0000] ab4fa4e1a3fb8757c59ad8fdf9ce96d3 "HEAD /iui/microservices/default.html HTTP/1.1" 200 request_processing_time:0.008 upstream_response_time:0.008 "-" "Consul Health Check" "-"
2023/01/24 00:39:50 [info] 35#35: *969 [lua] logger.lua:23: ab4fa4e1a3fb8757c59ad8fdf9ce96d3 {"matched":"microservices"} while logging request, client: 127.0.0.6, server: , request: "HEAD /iui/microservices/default.html HTTP/1.1", upstream: "http://127.0.0.1:8066/iui/microservices/default.html", host: "msb-iag:80"
2023/01/24 00:40:00 [info] 35#35: *1165 client closed connection while waiting for request, client: 127.0.0.6, server: 0.0.0.0:80
2023/01/24 00:40:00 [info] 35#35: *1166 client closed connection while waiting for request, client: 127.0.0.6, server: 0.0.0.0:80
2023/01/24 00:40:05 [info] 35#35: *969 [lua] access_by_lua(msblocations.conf:189):2: ee33818af9bd5e56d997a0df11cdbc61:receive the request, client: 127.0.0.6, server: , request: "HEAD /iui/microservices/default.html HTTP/1.1", host: "msb-iag:80"
2023/01/24 00:40:05 [info] 35#35: *969 [lua] logger.lua:23: ee33818af9bd5e56d997a0df11cdbc61 {"matched":"microservices"} while logging request, client: 127.0.0.6, server: , request: "HEAD /iui/microservices/default.html HTTP/1.1", upstream: "http://127.0.0.1:8066/iui/microservices/default.html", host: "msb-iag:80" 127.0.0.6 - - [24/Jan/2023:00:40:05 +0000] ee33818af9bd5e56d997a0df11cdbc61 "HEAD /iui/microservices/default.html HTTP/1.1" 200 request_processing_time:0.006 upstream_response_time:0.005 "-" "Consul Health Check" "-" 127.0.0.6 - - [24/Jan/2023:00:40:05 +0000] "HEAD /iui/microservices/default.html HTTP/1.1" 200 0 "-" "Consul Health Check" 4
2023/01/24 00:40:10 [info] 35#35: *1167 client closed connection while waiting for request, client: 127.0.0.6, server: 0.0.0.0:80
2023/01/24 00:40:10 [info] 35#35: *1168 client closed connection while waiting for request, client: 127.0.0.6, server: 0.0.0.0:80
2023/01/24 00:40:20 [info] 35#35: *1169 client closed connection while waiting for request, client: 127.0.0.6, server: 0.0.0.0:80
2023/01/24 00:40:20 [info] 35#35: *1170 client closed connection while waiting for request, client: 127.0.0.6, server: 0.0.0.0:80
2023/01/24 00:40:20 [info] 35#35: *1061 [lua] access_by_lua(msblocations.conf:189):2: e5c1d9ed511c7055f35b8d7ecaa0e545:receive the request, client: 127.0.0.6, server: , request: "HEAD /iui/microservices/default.html HTTP/1.1", host: "msb-iag:80"
2023/01/24 00:40:20 [info] 35#35: *1061 [lua] logger.lua:23: e5c1d9ed511c7055f35b8d7ecaa0e545 {"matched":"microservices"} while logging request, client: 127.0.0.6, server: , request: "HEAD /iui/microservices/default.html HTTP/1.1", upstream: "http://127.0.0.1:8066/iui/microservices/default.html", host: "msb-iag:80" 127.0.0.6 - - [24/Jan/2023:00:40:20 +0000] e5c1d9ed511c7055f35b8d7ecaa0e545 "HEAD /iui/microservices/default.html HTTP/1.1" 200 request_processing_time:0.006 upstream_response_time:0.005 "-" "Consul Health Check" "-" 127.0.0.6 - - [24/Jan/2023:00:40:20 +0000] "HEAD /iui/microservices/default.html HTTP/1.1" 200 0 "-" "Consul Health Check" 4
2023/01/24 00:40:30 [info] 35#35: *1171 client closed connection while waiting for request, client: 127.0.0.6, server: 0.0.0.0:80
2023/01/24 00:40:30 [info] 35#35: *1172 client closed connection while waiting for request, client: 127.0.0.6, server: 0.0.0.0:80
2023/01/24 00:40:35 [info] 35#35: *1061 [lua] access_by_lua(msblocations.conf:189):2: 1ed6f767ea6a6fb70ba68d7a9f3be438:receive the request, client: 127.0.0.6, server: , request: "HEAD /iui/microservices/default.html HTTP/1.1", host: "msb-iag:80"
2023/01/24 00:40:35 [info] 35#35: *1061 [lua] logger.lua:23: 1ed6f767ea6a6fb70ba68d7a9f3be438 {"matched":"microservices"} while logging request, client: 127.0.0.6, server: , request: "HEAD /iui/microservices/default.html HTTP/1.1", upstream: "http://127.0.0.1:8066/iui/microservices/default.html", host: "msb-iag:80" 127.0.0.6 - - [24/Jan/2023:00:40:35 +0000] 1ed6f767ea6a6fb70ba68d7a9f3be438 "HEAD /iui/microservices/default.html HTTP/1.1" 200 request_processing_time:0.006 upstream_response_time:0.006 "-" "Consul Health Check" "-" 127.0.0.6 - - [24/Jan/2023:00:40:35 +0000] "HEAD /iui/microservices/default.html HTTP/1.1" 200 0 "-" "Consul Health Check" 4
2023/01/24 00:40:40 [info] 35#35: *1175 client closed connection while waiting for request, client: 127.0.0.6, server: 0.0.0.0:80
2023/01/24 00:40:40 [info] 35#35: *1174 client closed connection while waiting for request, client: 127.0.0.6, server: 0.0.0.0:80
2023/01/24 00:40:50 [info] 35#35: *1176 client closed connection while waiting for request, client: 127.0.0.6, server: 0.0.0.0:80
2023/01/24 00:40:50 [info] 35#35: *1177 client closed connection while waiting for request, client: 127.0.0.6, server: 0.0.0.0:80
2023/01/24 00:40:50 [info] 35#35: *1061 [lua] access_by_lua(msblocations.conf:189):2: fa9268065e83f12fea8716200cf1b64b:receive the request, client: 127.0.0.6, server: , request: "HEAD /iui/microservices/default.html HTTP/1.1", host: "msb-iag:80"
2023/01/24 00:40:50 [info] 35#35: *1061 [lua] logger.lua:23: fa9268065e83f12fea8716200cf1b64b {"matched":"microservices"} while logging request, client: 127.0.0.6, server: , request: "HEAD /iui/microservices/default.html HTTP/1.1", upstream: "http://127.0.0.1:8066/iui/microservices/default.html", host: "msb-iag:80" 127.0.0.6 - - [24/Jan/2023:00:40:50 +0000] fa9268065e83f12fea8716200cf1b64b "HEAD /iui/microservices/default.html HTTP/1.1" 200 request_processing_time:0.011 upstream_response_time:0.010 "-" "Consul Health Check" "-" 127.0.0.6 - - [24/Jan/2023:00:40:50 +0000] "HEAD /iui/microservices/default.html HTTP/1.1" 200 0 "-" "Consul Health Check" 10
2023/01/24 00:41:00 [info] 35#35: *1179 client closed connection while waiting for request, client: 127.0.0.6, server: 0.0.0.0:80
2023/01/24 00:41:00 [info] 35#35: *1178 client closed connection while waiting for request, client: 127.0.0.6, server: 0.0.0.0:80
2023/01/24 00:41:05 [info] 35#35: *1061 [lua] access_by_lua(msblocations.conf:189):2: e21154edaa05d6f6efc38528ec67a64b:receive the request, client: 127.0.0.6, server: , request: "HEAD /iui/microservices/default.html HTTP/1.1", host: "msb-iag:80"
2023/01/24 00:41:05 [info] 35#35: *1061 [lua] logger.lua:23: e21154edaa05d6f6efc38528ec67a64b {"matched":"microservices"} while logging request, client: 127.0.0.6, server: , request: "HEAD /iui/microservices/default.html HTTP/1.1", upstream: "http://127.0.0.1:8066/iui/microservices/default.html", host: "msb-iag:80" 127.0.0.6 - - [24/Jan/2023:00:41:05 +0000] e21154edaa05d6f6efc38528ec67a64b "HEAD /iui/microservices/default.html HTTP/1.1" 200 request_processing_time:0.005 upstream_response_time:0.005 "-" "Consul Health Check" "-" 127.0.0.6 - - [24/Jan/2023:00:41:05 +0000] "HEAD /iui/microservices/default.html HTTP/1.1" 200 0 "-" "Consul Health Check" 3
2023/01/24 00:41:10 [info] 35#35: *1180 client closed connection while waiting for request, client: 127.0.0.6, server: 0.0.0.0:80
2023/01/24 00:41:10 [info] 38#38: *1181 client closed connection while waiting for request, client: 127.0.0.6, server: 0.0.0.0:80
2023/01/24 00:41:20 [info] 35#35: *1182 client closed connection while waiting for request, client: 127.0.0.6, server: 0.0.0.0:80
2023/01/24 00:41:20 [info] 35#35: *1183 client closed connection while waiting for request, client: 127.0.0.6, server: 0.0.0.0:80
2023/01/24 00:41:20 [info] 35#35: *969 [lua] access_by_lua(msblocations.conf:189):2: 3285891daf78cb689ec96ced6172a27b:receive the request, client: 127.0.0.6, server: , request: "HEAD /iui/microservices/default.html HTTP/1.1", host: "msb-iag:80"
2023/01/24 00:41:20 [info] 35#35: *969 [lua] logger.lua:23: 3285891daf78cb689ec96ced6172a27b {"matched":"microservices"} while logging request, client: 127.0.0.6, server: , request: "HEAD /iui/microservices/default.html HTTP/1.1", upstream: "http://127.0.0.1:8066/iui/microservices/default.html", host: "msb-iag:80" 127.0.0.6 - - [24/Jan/2023:00:41:20 +0000] 3285891daf78cb689ec96ced6172a27b "HEAD /iui/microservices/default.html HTTP/1.1" 200 request_processing_time:0.005 upstream_response_time:0.004 "-" "Consul Health Check" "-" 127.0.0.6 - - [24/Jan/2023:00:41:20 +0000] "HEAD /iui/microservices/default.html HTTP/1.1" 200 0 "-" "Consul Health Check" 3
2023/01/24 00:41:30 [info] 38#38: *1185 client closed connection while waiting for request, client: 127.0.0.6, server: 0.0.0.0:80
2023/01/24 00:41:30 [info] 35#35: *1184 client closed connection while waiting for request, client: 127.0.0.6, server: 0.0.0.0:80
2023/01/24 00:41:35 [info] 35#35: *969 [lua] access_by_lua(msblocations.conf:189):2: e95d62e8abbb0145eef5893c807b5bc3:receive the request, client: 127.0.0.6, server: , request: "HEAD /iui/microservices/default.html HTTP/1.1", host: "msb-iag:80" 127.0.0.6 - - [24/Jan/2023:00:41:35 +0000] e95d62e8abbb0145eef5893c807b5bc3 "HEAD /iui/microservices/default.html HTTP/1.1" 200 request_processing_time:0.005 upstream_response_time:0.004 "-" "Consul Health Check" "-"
2023/01/24 00:41:35 [info] 35#35: *969 [lua] logger.lua:23: e95d62e8abbb0145eef5893c807b5bc3 {"matched":"microservices"} while logging request, client: 127.0.0.6, server: , request: "HEAD /iui/microservices/default.html HTTP/1.1", upstream: "http://127.0.0.1:8066/iui/microservices/default.html", host: "msb-iag:80" 127.0.0.6 - - [24/Jan/2023:00:41:35 +0000] "HEAD /iui/microservices/default.html HTTP/1.1" 200 0 "-" "Consul Health Check" 3
2023/01/24 00:41:40 [info] 38#38: *1187 client closed connection while waiting for request, client: 127.0.0.6, server: 0.0.0.0:80
2023/01/24 00:41:40 [info] 38#38: *1188 client closed connection while waiting for request, client: 127.0.0.6, server: 0.0.0.0:80
2023/01/24 00:41:47 [info] 35#35: *969 [lua] access_by_lua(msblocations.conf:189):2: a413cc65041223bab32eb5c3b2ced14a:receive the request, client: 127.0.0.6, server: , request: "GET /iui/microservices/default.html HTTP/1.1", host: "msb-iag.onap"
2023/01/24 00:41:47 [info] 35#35: *969 [lua] logger.lua:23: a413cc65041223bab32eb5c3b2ced14a {"matched":"microservices"} while logging request, client: 127.0.0.6, server: , request: "GET /iui/microservices/default.html HTTP/1.1", upstream: "http://127.0.0.1:8066/iui/microservices/default.html", host: "msb-iag.onap" 127.0.0.6 - - [24/Jan/2023:00:41:47 +0000] a413cc65041223bab32eb5c3b2ced14a "GET /iui/microservices/default.html HTTP/1.1" 200 request_processing_time:0.011 upstream_response_time:0.010 "-" "python-requests/2.28.2" "-" 127.0.0.6 - - [24/Jan/2023:00:41:47 +0000] "GET /iui/microservices/default.html HTTP/1.1" 200 5552 "-" "python-requests/2.28.2" 7
2023/01/24 00:41:47 [info] 35#35: *969 [lua] access_by_lua(msblocations.conf:189):2: 10767755e8c90df188486804b9574368:receive the request, client: 127.0.0.6, server: , request: "GET /api/multicloud/v0/swagger.json HTTP/1.1", host: "msb-iag.onap"
2023/01/24 00:41:47 [info] 35#35: *969 [lua] logger.lua:23: 10767755e8c90df188486804b9574368 {"matched":"multicloud"} while logging request, client: 127.0.0.6, server: , request: "GET /api/multicloud/v0/swagger.json HTTP/1.1", upstream: "http://10.233.47.220:9001/api/multicloud/v0/swagger.json", host: "msb-iag.onap" 127.0.0.6 - - [24/Jan/2023:00:41:47 +0000] 10767755e8c90df188486804b9574368 "GET /api/multicloud/v0/swagger.json HTTP/1.1" 200 request_processing_time:0.021 upstream_response_time:0.021 "-" "python-requests/2.28.2" "-"
2023/01/24 00:41:47 [info] 35#35: *1061 [lua] access_by_lua(msblocations.conf:189):2: eb5673df8ae6d6bdb414dd6d49a28b94:receive the request, client: 127.0.0.6, server: , request: "GET /api/multicloud-pike/v0/swagger.json HTTP/1.1", host: "msb-iag.onap"
2023/01/24 00:41:47 [info] 35#35: *1061 [lua] logger.lua:23: eb5673df8ae6d6bdb414dd6d49a28b94 {"matched":"multicloud-pike"} while logging request, client: 127.0.0.6, server: , request: "GET /api/multicloud-pike/v0/swagger.json HTTP/1.1", upstream: "http://10.233.10.8:9007/api/multicloud-pike/v0/swagger.json", host: "msb-iag.onap" 127.0.0.6 - - [24/Jan/2023:00:41:47 +0000] eb5673df8ae6d6bdb414dd6d49a28b94 "GET /api/multicloud-pike/v0/swagger.json HTTP/1.1" 200 request_processing_time:0.025 upstream_response_time:0.025 "-" "python-requests/2.28.2" "-"
2023/01/24 00:41:47 [info] 35#35: *969 [lua] access_by_lua(msblocations.conf:189):2: dfb0bd3039c70c631a11a8cfd774ddd4:receive the request, client: 127.0.0.6, server: , request: "GET /api/multicloud-k8s/v1/v1/healthcheck HTTP/1.1", host: "msb-iag.onap"
2023/01/24 00:41:47 [info] 35#35: *969 [lua] logger.lua:23: dfb0bd3039c70c631a11a8cfd774ddd4 {"matched":"multicloud-k8s"} while logging request, client: 127.0.0.6, server: , request: "GET /api/multicloud-k8s/v1/v1/healthcheck HTTP/1.1", upstream: "http://10.233.50.21:9015/v1/healthcheck", host: "msb-iag.onap" 127.0.0.6 - - [24/Jan/2023:00:41:47 +0000] dfb0bd3039c70c631a11a8cfd774ddd4 "GET /api/multicloud-k8s/v1/v1/healthcheck HTTP/1.1" 200 request_processing_time:0.023 upstream_response_time:0.023 "-" "python-requests/2.28.2" "-"
2023/01/24 00:41:50 [info] 38#38: *1189 client closed connection while waiting for request, client: 127.0.0.6, server: 0.0.0.0:80
2023/01/24 00:41:50 [info] 38#38: *1190 client closed connection while waiting for request, client: 127.0.0.6, server: 0.0.0.0:80
2023/01/24 00:41:50 [info] 35#35: *1061 [lua] access_by_lua(msblocations.conf:189):2: c91470b437b270251a587ebd69fc6b42:receive the request, client: 127.0.0.6, server: , request: "HEAD /iui/microservices/default.html HTTP/1.1", host: "msb-iag:80" 127.0.0.6 - - [24/Jan/2023:00:41:50 +0000] c91470b437b270251a587ebd69fc6b42 "HEAD /iui/microservices/default.html HTTP/1.1" 200 request_processing_time:0.007 upstream_response_time:0.007 "-" "Consul Health Check" "-"
2023/01/24 00:41:50 [info] 35#35: *1061 [lua] logger.lua:23: c91470b437b270251a587ebd69fc6b42 {"matched":"microservices"} while logging request, client: 127.0.0.6, server: , request: "HEAD /iui/microservices/default.html HTTP/1.1", upstream: "http://127.0.0.1:8066/iui/microservices/default.html", host: "msb-iag:80" 127.0.0.6 - - [24/Jan/2023:00:41:50 +0000] "HEAD /iui/microservices/default.html HTTP/1.1" 200 0 "-" "Consul Health Check" 4
2023/01/24 00:42:00 [info] 35#35: *1191 client closed connection while waiting for request, client: 127.0.0.6, server: 0.0.0.0:80
2023/01/24 00:42:00 [info] 35#35: *1192 client closed connection while waiting for request, client: 127.0.0.6, server: 0.0.0.0:80
2023/01/24 00:42:04 [info] 35#35: *969 [lua] access_by_lua(msblocations.conf:189):2: c1be0a09050c3856b191aabc57b338b4:receive the request, client: 127.0.0.6, server: , request: "GET /iui/usecaseui/ HTTP/1.1", host: "msb-iag.onap"
2023/01/24 00:42:04 [error] 35#35: *969 peer closed connection in SSL handshake while SSL handshaking to upstream, client: 127.0.0.6, server: , request: "GET /iui/usecaseui/ HTTP/1.1", upstream: "https://10.233.20.33:8443/usecase-ui/", host: "msb-iag.onap"
2023/01/24 00:42:04 [info] 35#35: *969 [lua] logger.lua:23: c1be0a09050c3856b191aabc57b338b4 {"matched":"usecaseui"} while logging request, client: 127.0.0.6, server: , request: "GET /iui/usecaseui/ HTTP/1.1", upstream: "https://10.233.20.33:8443/usecase-ui/", host: "msb-iag.onap" 127.0.0.6 - - [24/Jan/2023:00:42:04 +0000] c1be0a09050c3856b191aabc57b338b4 "GET /iui/usecaseui/ HTTP/1.1" 502 request_processing_time:0.004 upstream_response_time:0.003 "-" "python-requests/2.28.2" "-"
2023/01/24 00:42:04 [info] 35#35: *969 [lua] access_by_lua(msblocations.conf:189):2: 9b9ff878ed2bfc56d5b75d79f835d57b:receive the request, client: 127.0.0.6, server: , request: "GET /api/gvnfmdriver/v1/health_check HTTP/1.1", host: "msb-iag.onap"
2023/01/24 00:42:04 [info] 35#35: *969 [lua] logger.lua:23: 9b9ff878ed2bfc56d5b75d79f835d57b {"matched":"gvnfmdriver"} while logging request, client: 127.0.0.6, server: , request: "GET /api/gvnfmdriver/v1/health_check HTTP/1.1", upstream: "http://10.233.38.125:8484/api/gvnfmdriver/v1/health_check", host: "msb-iag.onap" 127.0.0.6 - - [24/Jan/2023:00:42:04 +0000] 9b9ff878ed2bfc56d5b75d79f835d57b "GET /api/gvnfmdriver/v1/health_check HTTP/1.1" 200 request_processing_time:0.016 upstream_response_time:0.016 "-" "python-requests/2.28.2" "-"
2023/01/24 00:42:04 [info] 35#35: *1061 [lua] access_by_lua(msblocations.conf:189):2: ec41d5bffe5147b0d3acf517b02abef3:receive the request, client: 127.0.0.6, server: , request: "GET /api/huaweivnfmdriver/v1/swagger.json HTTP/1.1", host: "msb-iag.onap" 127.0.0.6 - - [24/Jan/2023:00:42:04 +0000] ec41d5bffe5147b0d3acf517b02abef3 "GET /api/huaweivnfmdriver/v1/swagger.json HTTP/1.1" 200 request_processing_time:0.029 upstream_response_time:0.028 "-" "python-requests/2.28.2" "-"
2023/01/24 00:42:04 [info] 35#35: *1061 [lua] logger.lua:23: ec41d5bffe5147b0d3acf517b02abef3 {"matched":"huaweivnfmdriver"} while logging request, client: 127.0.0.6, server: , request: "GET /api/huaweivnfmdriver/v1/swagger.json HTTP/1.1", upstream: "http://10.233.30.112:8482/api/huaweivnfmdriver/v1/swagger.json", host: "msb-iag.onap"
2023/01/24 00:42:04 [info] 35#35: *1061 [lua] access_by_lua(msblocations.conf:189):2: 1fc2528edf129e4a1a06f3ae088d38a0:receive the request, client: 127.0.0.6, server: , request: "GET /api/nslcm/v1/health_check HTTP/1.1", host: "msb-iag.onap"
2023/01/24 00:42:04 [info] 35#35: *1061 [lua] logger.lua:23: 1fc2528edf129e4a1a06f3ae088d38a0 {"matched":"nslcm"} while logging request, client: 127.0.0.6, server: , request: "GET /api/nslcm/v1/health_check HTTP/1.1", upstream: "http://10.233.52.122:8403/api/nslcm/v1/health_check", host: "msb-iag.onap" 127.0.0.6 - - [24/Jan/2023:00:42:04 +0000] 1fc2528edf129e4a1a06f3ae088d38a0 "GET /api/nslcm/v1/health_check HTTP/1.1" 200 request_processing_time:0.626 upstream_response_time:0.625 "-" "python-requests/2.28.2" "-"
2023/01/24 00:42:05 [info] 35#35: *969 [lua] access_by_lua(msblocations.conf:189):2: 4b2e1a150729f3e024f90e8ca444807d:receive the request, client: 127.0.0.6, server: , request: "GET /api/vnflcm/v1/health_check HTTP/1.1", host: "msb-iag.onap"
2023/01/24 00:42:05 [info] 35#35: *969 [lua] logger.lua:23: 4b2e1a150729f3e024f90e8ca444807d {"matched":"vnflcm"} while logging request, client: 127.0.0.6, server: , request: "GET /api/vnflcm/v1/health_check HTTP/1.1", upstream: "http://10.233.7.206:8801/api/vnflcm/v1/health_check", host: "msb-iag.onap" 127.0.0.6 - - [24/Jan/2023:00:42:05 +0000] 4b2e1a150729f3e024f90e8ca444807d "GET /api/vnflcm/v1/health_check HTTP/1.1" 200 request_processing_time:0.610 upstream_response_time:0.609 "-" "python-requests/2.28.2" "-"
2023/01/24 00:42:05 [info] 35#35: *969 [lua] access_by_lua(msblocations.conf:189):2: 57cfaaf22bc32abd350eee4bcdab471c:receive the request, client: 127.0.0.6, server: , request: "GET /api/vnfmgr/v1/health_check HTTP/1.1", host: "msb-iag.onap"
2023/01/24 00:42:05 [info] 35#35: *1061 [lua] access_by_lua(msblocations.conf:189):2: 5463dfcad1240a45db3a568ac71bfcf4:receive the request, client: 127.0.0.6, server: , request: "HEAD /iui/microservices/default.html HTTP/1.1", host: "msb-iag:80" 127.0.0.6 - - [24/Jan/2023:00:42:05 +0000] 5463dfcad1240a45db3a568ac71bfcf4 "HEAD /iui/microservices/default.html HTTP/1.1" 200 request_processing_time:0.007 upstream_response_time:0.006 "-" "Consul Health Check" "-"
2023/01/24 00:42:05 [info] 35#35: *1061 [lua] logger.lua:23: 5463dfcad1240a45db3a568ac71bfcf4 {"matched":"microservices"} while logging request, client: 127.0.0.6, server: , request: "HEAD /iui/microservices/default.html HTTP/1.1", upstream: "http://127.0.0.1:8066/iui/microservices/default.html", host: "msb-iag:80" 127.0.0.6 - - [24/Jan/2023:00:42:05 +0000] "HEAD /iui/microservices/default.html HTTP/1.1" 200 0 "-" "Consul Health Check" 4 127.0.0.6 - - [24/Jan/2023:00:42:06 +0000] 57cfaaf22bc32abd350eee4bcdab471c "GET /api/vnfmgr/v1/health_check HTTP/1.1" 200 request_processing_time:0.454 upstream_response_time:0.454 "-" "python-requests/2.28.2" "-"
2023/01/24 00:42:06 [info] 35#35: *969 [lua] logger.lua:23: 57cfaaf22bc32abd350eee4bcdab471c {"matched":"vnfmgr"} while logging request, client: 127.0.0.6, server: , request: "GET /api/vnfmgr/v1/health_check HTTP/1.1", upstream: "http://10.233.31.39:8803/api/vnfmgr/v1/health_check", host: "msb-iag.onap"
2023/01/24 00:42:06 [info] 35#35: *969 [lua] access_by_lua(msblocations.conf:189):2: 2e1de406d27d1541cc313ffb64ec4643:receive the request, client: 127.0.0.6, server: , request: "GET /api/vnfres/v1/health_check HTTP/1.1", host: "msb-iag.onap"
2023/01/24 00:42:06 [info] 35#35: *969 [lua] logger.lua:23: 2e1de406d27d1541cc313ffb64ec4643 {"matched":"vnfres"} while logging request, client: 127.0.0.6, server: , request: "GET /api/vnfres/v1/health_check HTTP/1.1", upstream: "http://10.233.52.26:8802/api/vnfres/v1/health_check", host: "msb-iag.onap" 127.0.0.6 - - [24/Jan/2023:00:42:06 +0000] 2e1de406d27d1541cc313ffb64ec4643 "GET /api/vnfres/v1/health_check HTTP/1.1" 200 request_processing_time:0.010 upstream_response_time:0.009 "-" "python-requests/2.28.2" "-"
2023/01/24 00:42:06 [info] 35#35: *1061 [lua] access_by_lua(msblocations.conf:189):2: 0128da18f530c851d51a3d5e8f14415a:receive the request, client: 127.0.0.6, server: , request: "GET /api/ztevnfmdriver/v1/health_check HTTP/1.1", host: "msb-iag.onap"
2023/01/24 00:42:06 [info] 35#35: *1061 [lua] logger.lua:23: 0128da18f530c851d51a3d5e8f14415a {"matched":"ztevnfmdriver"} while logging request, client: 127.0.0.6, server: , request: "GET /api/ztevnfmdriver/v1/health_check HTTP/1.1", upstream: "http://10.233.16.141:8410/api/ztevnfmdriver/v1/health_check", host: "msb-iag.onap" 127.0.0.6 - - [24/Jan/2023:00:42:06 +0000] 0128da18f530c851d51a3d5e8f14415a "GET /api/ztevnfmdriver/v1/health_check HTTP/1.1" 200 request_processing_time:0.009 upstream_response_time:0.009 "-" "python-requests/2.28.2" "-"
2023/01/24 00:42:10 [info] 35#35: *1194 client closed connection while waiting for request, client: 127.0.0.6, server: 0.0.0.0:80
2023/01/24 00:42:10 [info] 35#35: *1195 client closed connection while waiting for request, client: 127.0.0.6, server: 0.0.0.0:80
2023/01/24 00:42:11 [info] 35#35: *1061 [lua] access_by_lua(msblocations.conf:189):2: 047fe097fa866acee46169c7440093a6:receive the request, client: 127.0.0.6, server: , request: "GET /api/holmes-rule-mgmt/v1/healthcheck HTTP/1.1", host: "msb-iag.onap"
2023/01/24 00:42:11 [warn] 35#35: *1061 [lua] shcache.lua:413: load(): external lookup failed: key msb:routing:api:holmes-rule-mgmt:v1 not found, client: 127.0.0.6, server: , request: "GET /api/holmes-rule-mgmt/v1/healthcheck HTTP/1.1", host: "msb-iag.onap"
2023/01/24 00:42:11 [warn] 35#35: *1061 [lua] error_handler.lua:29: error_svc_not_found(): 047fe097fa866acee46169c7440093a6 No route found for this request! detail_info:Common not match. key--msb:routing:api:holmes-rule-mgmt:v1, client: 127.0.0.6, server: , request: "GET /api/holmes-rule-mgmt/v1/healthcheck HTTP/1.1", host: "msb-iag.onap"
2023/01/24 00:42:11 [info] 35#35: *1061 [lua] access_by_lua(msblocations.conf:45):2: 047fe097fa866acee46169c7440093a6:receive the request, client: 127.0.0.6, server: , request: "GET /api/holmes-rule-mgmt/v1/healthcheck HTTP/1.1", host: "msb-iag.onap"
2023/01/24 00:42:11 [warn] 35#35: *1061 [lua] error_handler.lua:29: error_svc_not_found(): 047fe097fa866acee46169c7440093a6 No route found for this request! detail_info:Custom not match, client: 127.0.0.6, server: , request: "GET /api/holmes-rule-mgmt/v1/healthcheck HTTP/1.1", host: "msb-iag.onap" 127.0.0.6 - - [24/Jan/2023:00:42:11 +0000] 047fe097fa866acee46169c7440093a6 "GET /api/holmes-rule-mgmt/v1/healthcheck HTTP/1.1" 502 request_processing_time:0.002 upstream_response_time:- "-" "python-requests/2.28.2" "-"
2023/01/24 00:42:11 [info] 35#35: *1061 [lua] access_by_lua(msblocations.conf:189):2: 4d929df4cef79d45965a6347a8fa7967:receive the request, client: 127.0.0.6, server: , request: "GET /api/holmes-engine-mgmt/v1/healthcheck HTTP/1.1", host: "msb-iag.onap"
2023/01/24 00:42:11 [warn] 35#35: *1061 [lua] shcache.lua:413: load(): external lookup failed: key msb:routing:api:holmes-engine-mgmt:v1 not found, client: 127.0.0.6, server: , request: "GET /api/holmes-engine-mgmt/v1/healthcheck HTTP/1.1", host: "msb-iag.onap"
2023/01/24 00:42:11 [warn] 35#35: *1061 [lua] error_handler.lua:29: error_svc_not_found(): 4d929df4cef79d45965a6347a8fa7967 No route found for this request! detail_info:Common not match. key--msb:routing:api:holmes-engine-mgmt:v1, client: 127.0.0.6, server: , request: "GET /api/holmes-engine-mgmt/v1/healthcheck HTTP/1.1", host: "msb-iag.onap"
2023/01/24 00:42:11 [info] 35#35: *1061 [lua] access_by_lua(msblocations.conf:45):2: 4d929df4cef79d45965a6347a8fa7967:receive the request, client: 127.0.0.6, server: , request: "GET /api/holmes-engine-mgmt/v1/healthcheck HTTP/1.1", host: "msb-iag.onap"
2023/01/24 00:42:11 [warn] 35#35: *1061 [lua] error_handler.lua:29: error_svc_not_found(): 4d929df4cef79d45965a6347a8fa7967 No route found for this request! detail_info:Custom not match, client: 127.0.0.6, server: , request: "GET /api/holmes-engine-mgmt/v1/healthcheck HTTP/1.1", host: "msb-iag.onap" 127.0.0.6 - - [24/Jan/2023:00:42:11 +0000] 4d929df4cef79d45965a6347a8fa7967 "GET /api/holmes-engine-mgmt/v1/healthcheck HTTP/1.1" 502 request_processing_time:0.001 upstream_response_time:- "-" "python-requests/2.28.2" "-"
2023/01/24 00:42:11 [info] 35#35: *969 [lua] access_by_lua(msblocations.conf:189):2: 5e795b374c2425d67bcc6c2ec5b39937:receive the request, client: 127.0.0.6, server: , request: "GET /api/multicloud-fcaps/v1/healthcheck HTTP/1.1", host: "msb-iag.onap"
2023/01/24 00:42:11 [info] 35#35: *969 [lua] logger.lua:23: 5e795b374c2425d67bcc6c2ec5b39937 {"matched":"multicloud-fcaps"} while logging request, client: 127.0.0.6, server: , request: "GET /api/multicloud-fcaps/v1/healthcheck HTTP/1.1", upstream: "http://10.233.37.232:9011/api/multicloud-fcaps/v1/healthcheck", host: "msb-iag.onap" 127.0.0.6 - - [24/Jan/2023:00:42:11 +0000] 5e795b374c2425d67bcc6c2ec5b39937 "GET /api/multicloud-fcaps/v1/healthcheck HTTP/1.1" 200 request_processing_time:0.010 upstream_response_time:0.009 "-" "python-requests/2.28.2" "-"
2023/01/24 00:42:11 [info] 35#35: *1061 [lua] access_by_lua(msblocations.conf:189):2: d5a19ad963c2bca68a9edf54bd5420b0:receive the request, client: 127.0.0.6, server: , request: "GET /api/parser/v1/health_check HTTP/1.1", host: "msb-iag.onap"
2023/01/24 00:42:12 [info] 35#35: *1061 [lua] logger.lua:23: d5a19ad963c2bca68a9edf54bd5420b0 {"matched":"parser"} while logging request, client: 127.0.0.6, server: , request: "GET /api/parser/v1/health_check HTTP/1.1", upstream: "http://10.233.44.206:8806/api/parser/v1/health_check", host: "msb-iag.onap" 127.0.0.6 - - [24/Jan/2023:00:42:12 +0000] d5a19ad963c2bca68a9edf54bd5420b0 "GET /api/parser/v1/health_check HTTP/1.1" 200 request_processing_time:0.802 upstream_response_time:0.801 "-" "python-requests/2.28.2" "-"
2023/01/24 00:42:20 [info] 38#38: *1196 client closed connection while waiting for request, client: 127.0.0.6, server: 0.0.0.0:80
2023/01/24 00:42:20 [info] 38#38: *1197 client closed connection while waiting for request, client: 127.0.0.6, server: 0.0.0.0:80
2023/01/24 00:42:20 [info] 35#35: *969 [lua] access_by_lua(msblocations.conf:189):2: 5146ce42f15b84c618f0510fcf8a36c0:receive the request, client: 127.0.0.6, server: , request: "HEAD /iui/microservices/default.html HTTP/1.1", host: "msb-iag:80"
